1958?
8
What is the tens digit of 13554?
5
What is the units digit of 896?
6
What is the hundreds digit of 108234?
2
What is the tens digit of 2213?
1
What is the hundreds digit of 32170?
1
What is the units digit of 1826?
6
What is the ten thousands digit of 109006?
0
What is the tens digit of 10004?
0
What is the ten thousands digit of 17686?
1
What is the units digit of 3480?
0
What is the tens digit of 24491?
9
What is the hundreds digit of 725?
7
What is the hundreds digit of 7395?
3
What is the thousands digit of 3148?
3
What is the tens digit of 3986?
8
What is the thousands digit of 15395?
5
What is the tens digit of 4153?
5
What is the hundreds digit of 32437?
4
What is the tens digit of 20864?
6
What is the tens digit of 222?
2
What is the thousands digit of 1920?
1
What is the thousands digit of 1358?
1
What is the hundreds digit of 1964?
9
What is the units digit of 258?
8
What is the tens digit of 71191?
9
What is the hundreds digit of 4909?
9
What is the units digit of 51?
1
What is the tens digit of 739?
3
What is the hundreds digit of 566?
5
What is the tens digit of 2441?
4
What is the thousands digit of 1771?
1
What is the units digit of 942?
2
What is the ten thousands digit of 25707?
2
What is the thousands digit of 131978?
1
What is the units digit of 25999?
9
What is the units digit of 56980?
0
What is the units digit of 5509?
9
What is the units digit of 82088?
8
What is the hundreds digit of 912?
9
What is the tens digit of 31570?
7
What is the hundreds digit of 6171?
1
What is the thousands digit of 5346?
5
What is the units digit of 2085?
5
What is the ten thousands digit of 15316?
1
What is the tens digit of 686?
8
What is the units digit of 694?
4
What is the units digit of 814?
4
What is the thousands digit of 7834?
7
What is the tens digit of 550?
5
What is the thousands digit of 8600?
8
What is the ten thousands digit of 39667?
3
What is the units digit of 2909?
9
What is the tens digit of 1032?
3
What is the hundreds digit of 7835?
8
What is the hundreds digit of 2767?
7
What is the units digit of 475?
5
What is the units digit of 845?
5
What is the units digit of 834?
4
What is the units digit of 8555?
5
What is the units digit of 37584?
4
What is the thousands digit of 3848?
3
What is the units digit of 980?
0
What is the thousands digit of 94414?
4
What is the thousands digit of 4184?
4
What is the units digit of 50035?
5
What is the units digit of 13584?
4
What is the units digit of 7?
7
What is the thousands digit of 1661?
1
What is the hundreds digit of 86880?
8
What is the hundreds digit of 1931?
9
What is the units digit of 4699?
9
What is the tens digit of 22429?
2
What is the thousands digit of 1849?
1
What is the tens digit of 8717?
1
What is the hundreds digit of 12181?
1
What is the hundreds digit of 3075?
0
What is the tens digit of 36910?
1
What is the units digit of 6485?
5
What is the ten thousands digit of 20796?
2
What is the thousands digit of 23984?
3
What is the hundreds digit of 1724?
7
What is the units digit of 19874?
4
What is the hundreds digit of 172131?
1
What is the tens digit of 4045?
4
What is the tens digit of 140?
4
What is the hundreds digit of 8740?
7
What is the tens digit of 22928?
2
What is the tens digit of 114178?
7
What is the tens digit of 884?
8
What is the ten thousands digit of 73965?
7
What is the hundreds digit of 442?
4
What is the thousands digit of 1771?
1
What is the tens digit of 2814?
1
What is the hundreds digit of 1152?
1
What is the tens digit of 13216?
1
What is the ten thousands digit of 72623?
7
What is the units digit of 10688?
8
What is the units digit of 2156?
6
What is the units digit of 3734?
4
What is the hundreds digit of 5488?
4
What is the hundreds digit of 27730?
7
What is the thousands digit of 10042?
0
What is the ten thousands digit of 12476?
1
What is the ten thousands digit of 26403?
2
What is the tens digit of 5664?
6
What is the units digit of 4681?
1
What is the hundreds digit of 123?
1
What is the tens digit of 1460?
6
What is the units digit of 13702?
2
What is the ten thousands digit of 15278?
1
What is the tens digit of 1375?
7
What is the hundreds digit of 53338?
3
What is the tens digit of 139738?
3
What is the thousands digit of 3151?
3
What is the ten thousands digit of 37123?
3
What is the hundreds digit of 8979?
9
What is the tens digit of 2664?
6
What is the thousands digit of 80009?
0
What is the hundreds digit of 43912?
9
What is the thousands digit of 76388?
6
What is the ten thousands digit of 37122?
3
What is the tens digit of 259?
5
What is the units digit of 2175?
5
What is the units digit of 1184?
4
What is the hundreds digit of 1536?
5
What is the units digit of 42910?
0
What is the units digit of 64926?
6
What is the hundreds digit of 1500?
5
What is the tens digit of 1238?
3
What is the hundreds digit of 3125?
1
What is the units digit of 2014?
4
What is the units digit of 130794?
4
What is the tens digit of 3762?
6
What is the thousands digit of 1484?
1
What is the hundreds digit of 1091?
0
What is the units digit of 3856?
6
What is the hundreds digit of 156221?
2
What is the hundreds digit of 2192?
1
What is the units digit of 21647?
7
What is the hundreds digit of 1366?
3
What is the units digit of 1457?
7
What is the tens digit of 1227?
2
What is the hundreds digit of 9437?
4
What is the ten thousands digit of 25636?
2
What is the thousands digit of 62253?
2
What is the thousands digit of 1156?
1
What is the tens digit of 13175?
7
What is the thousands digit of 113514?
3
What is the hundreds digit of 7160?
1
What is the units digit of 53704?
4
What is the ten thousands digit of 66855?
6
What is the tens digit of 1212?
1
What is the hundreds digit of 3659?
6
What is the tens digit of 1438?
3
What is the units digit of 36?
6
What is the hundreds digit of 5420?
4
What is the thousands digit of 1245?
1
What is the hundreds digit of 32641?
6
What is the hundreds digit of 2696?
6
What is the hundreds digit of 498?
4
What is the hundreds digit of 1905?
9
What is the tens digit of 35189?
8
What is the hundreds digit of 73231?
2
What is the thousands digit of 6051?
6
What is the units digit of 298?
8
What is the thousands digit of 25285?
5
What is the hundreds digit of 481?
4
What is the tens digit of 8650?
5
What is the units digit of 6147?
7
What is the tens digit of 13019?
1
What is the thousands digit of 3392?
3
What is the hundreds digit of 142?
1
What is the hundreds digit of 7527?
5
What is the hundred thousands digit of 152307?
1
What is the units digit of 1284?
4
What is the tens digit of 2965?
6
What is the units digit of 8976?
6
What is the tens digit of 2334?
3
What is the thousands digit of 19157?
9
What is the ten thousands digit of 10286?
1
What is the units digit of 1463?
3
What is the units digit of 4370?
0
What is the units digit of 569?
9
What is the hundreds digit of 33134?
1
What is the tens digit of 183?
8
What is the hundreds digit of 904?
9
What is the units digit of 365?
5
What is the tens digit of 15472?
7
What is the tens digit of 6277?
7
What is the thousands digit of 2615?
2
What is the tens digit of 861?
6
What is the units digit of 150999?
9
What is the tens digit of 93592?
9
What is the tens digit of 1977?
7
What is the units digit of 33606?
6
What is the tens digit of 7021?
2
What is the tens digit of 44?
4
What is the thousands digit of 125098?
5
What is the units digit of 1443?
3
What is the thousands digit of 3309?
3
What is the thousands digit of 4438?
4
What is the units digit of 65874?
4
What is the hundreds digit of 848?
8
What is the ten thousands digit of 26163?
2
What is the units digit of 9330?
0
What is the hundreds digit of 98571?
5
What is the thousands digit of 6032?
6
What is the units digit of 1922?
2
What is the hundreds digit of 3935?
9
What is the hundreds digit of 620?
6
What is the hundreds digit of 285?
2
What is the thousands digit of 4067?
4
What is the thousands digit of 4768?
4
What is the thousands digit of 38030?
8
What is the hundreds digit of 115736?
7
What is the units digit of 19196?
6
What is the hundreds digit of 6063?
0
What is the hundreds digit of 73375?
3
What is the thousands digit of 109712?
9
What is the units digit of 51349?
9
What is the 